e units digit of 9297?
7
What is the units digit of 20231?
1
What is the hundreds digit of 7240?
2
What is the tens digit of 3418?
1
What is the units digit of 163?
3
What is the tens digit of 2549?
4
What is the tens digit of 279?
7
What is the hundreds digit of 3016?
0
What is the hundreds digit of 9747?
7
What is the tens digit of 37679?
7
What is the thousands digit of 22809?
2
What is the thousands digit of 1410?
1
What is the hundreds digit of 2037?
0
What is the hundreds digit of 4745?
7
What is the hundred thousands digit of 120564?
1
What is the ten thousands digit of 39036?
3
What is the thousands digit of 1533?
1
What is the units digit of 597?
7
What is the thousands digit of 2147?
2
What is the ten thousands digit of 25624?
2
What is the hundreds digit of 963?
9
What is the thousands digit of 45579?
5
What is the hundreds digit of 11937?
9
What is the thousands digit of 38260?
8
What is the thousands digit of 1331?
1
What is the units digit of 5649?
9
What is the thousands digit of 6833?
6
What is the thousands digit of 14586?
4
What is the units digit of 7930?
0
What is the units digit of 2532?
2
What is the tens digit of 523?
2
What is the units digit of 46646?
6
What is the tens digit of 337?
3
What is the units digit of 8627?
7
What is the hundreds digit of 7434?
4
What is the hundreds digit of 317?
3
What is the tens digit of 3114?
1
What is the hundreds digit of 22953?
9
What is the hundreds digit of 113177?
1
What is the hundreds digit of 57391?
3
What is the units digit of 578?
8
What is the hundreds digit of 9193?
1
What is the hundreds digit of 16777?
7
What is the hundreds digit of 2581?
5
What is the tens digit of 1112?
1
What is the tens digit of 467?
6
What is the units digit of 6173?
3
What is the thousands digit of 1908?
1
What is the thousands digit of 95979?
5
What is the hundreds digit of 41493?
4
What is the hundreds digit of 163?
1
What is the units digit of 4201?
1
What is the hundreds digit of 188?
1
What is the tens digit of 12519?
1
What is the hundreds digit of 7479?
4
What is the hundreds digit of 2205?
2
What is the hundreds digit of 7697?
6
What is the tens digit of 4049?
4
What is the hundreds digit of 5372?
3
What is the thousands digit of 2328?
2
What is the thousands digit of 1080?
1
What is the units digit of 65?
5
What is the thousands digit of 6586?
6
What is the hundreds digit of 579?
5
What is the hundreds digit of 937?
9
What is the ten thousands digit of 54861?
5
What is the tens digit of 554?
5
What is the hundreds digit of 2159?
1
What is the hundreds digit of 956?
9
What is the units digit of 72953?
3
What is the tens digit of 48530?
3
What is the hundreds digit of 3125?
1
What is the tens digit of 142?
4
What is the thousands digit of 14110?
4
What is the tens digit of 27040?
4
What is the tens digit of 2504?
0
What is the tens digit of 37?
3
What is the thousands digit of 33916?
3
What is the units digit of 167979?
9
What is the tens digit of 42793?
9
What is the hundreds digit of 28039?
0
What is the hundreds digit of 12979?
9
What is the units digit of 2?
2
What is the thousands digit of 5278?
5
What is the hundreds digit of 2326?
3
What is the tens digit of 7958?
5
What is the tens digit of 820?
2
What is the hundreds digit of 19642?
6
What is the ten thousands digit of 31976?
3
What is the units digit of 4424?
4
What is the tens digit of 45?
4
What is the units digit of 59937?
7
What is the units digit of 25939?
9
What is the units digit of 7694?
4
What is the hundreds digit of 5258?
2
What is the tens digit of 2718?
1
What is the units digit of 16666?
6
What is the units digit of 20051?
1
What is the units digit of 916?
6
What is the units digit of 452?
2
What is the tens digit of 975?
7
What is the thousands digit of 45255?
5
What is the units digit of 3682?
2
What is the ten thousands digit of 74834?
7
What is the units digit of 12728?
8
What is the hundreds digit of 11327?
3
What is the units digit of 451?
1
What is the hundreds digit of 13161?
1
What is the ten thousands digit of 24078?
2
What is the hundreds digit of 415?
4
What is the units digit of 2053?
3
What is the tens digit of 216?
1
What is the units digit of 2134?
4
What is the tens digit of 943?
4
What is the units digit of 23931?
1
What is the units digit of 1881?
1
What is the tens digit of 3248?
4
What is the units digit of 10548?
8
What is the tens digit of 158391?
9
What is the units digit of 16374?
4
What is the hundreds digit of 21566?
5
What is the hundreds digit of 1970?
9
What is the hundreds digit of 522?
5
What is the ten thousands digit of 28473?
2
What is the ten thousands digit of 10925?
1
What is the thousands digit of 27209?
7
What is the tens digit of 1684?
8
What is the thousands digit of 1191?
1
What is the hundreds digit of 2336?
3
What is the ten thousands digit of 36264?
3
What is the units digit of 9810?
0
What is the thousands digit of 1043?
1
What is the units digit of 4614?
4
What is the ten thousands digit of 12859?
1
What is the hundreds digit of 558?
5
What is the hundreds digit of 1983?
9
What is the tens digit of 783?
8
What is the thousands digit of 79370?
9
What is the hundreds digit of 150?
1
What is the units digit of 70?
0
What is the thousands digit of 11858?
1
What is the hundreds digit of 5889?
8
What is the hundreds digit of 23510?
5
What is the units digit of 40277?
7
What is the hundreds digit of 6574?
5
What is the hundreds digit of 27557?
5
What is the units digit of 4393?
3
What is the ten thousands digit of 38768?
3
What is the units digit of 79384?
4
What is the units digit of 1573?
3
What is the thousands digit of 3009?
3
What is the units digit of 28973?
3
What is the tens digit of 648?
4
What is the hundreds digit of 51524?
5
What is the tens digit of 33817?
1
What is the tens digit of 219?
1
What is the hundreds digit of 34770?
7
What is the thousands digit of 3257?
3
What is the tens digit of 2014?
1
What is the units digit of 612?
2
What is the tens digit of 151385?
8
What is the hundreds digit of 164?
1
What is the units digit of 8863?
3
What is the ten thousands digit of 57818?
5
What is the tens digit of 6690?
9
What is the hundreds digit of 11940?
9
What is the tens digit of 320?
2
What is the hundreds digit of 22720?
7
What is the units digit of 24780?
0
What is the units digit of 194?
4
What is the ten thousands digit of 13884?
1
What is the thousands digit of 3250?
3
What is the hundreds digit of 2408?
4
What is the units digit of 840?
0
What is the tens digit of 2542?
4
What is the tens digit of 1095?
9
What is the thousands digit of 5095?
5
What is the hundreds digit of 1558?
5
What is the units digit of 93510?
0
What is the hundreds digit of 104090?
0
What is the hundreds digit of 15368?
3
What is the tens digit of 779?
7
What is the units digit of 713?
3
What is the units digit of 2068?
8
What is the hundreds digit of 2244?
2
What is the tens digit of 2683?
8
What is the ten thousands digit of 22470?
2
What is the hundreds digit of 122581?
5
What is the tens digit of 18753?
5
What is the tens digit of 450?
5
What is the hundreds digit of 36294?
2
What is the tens digit of 161896?
9
What is the tens digit of 4156?
5
What is the hundreds digit of 18309?
3
What is the units digit of 25252?
2
What is the thousands digit of 15087?
5
What is the ten thousands digit of 72130?
7
What is the units digit of 13346?
6
What is the hundreds digit of 332?
3
What is the thousands digit of 72384?
2
What is the units digit of 1113?
3
What is the thousands digit of 8924?
8
What is the thousands digit of 1330?
1
What is the units digit of 44088?
8
What is the tens digit of 5669?
6
What is the units digit of 35103?
3
What is the units digit of 16903?
3
What is the hundreds digit of 27286?
2
What is the thousands digit of 2259?
2
What is the tens digit of 991?
9
What is the units digit of 22315?
5
What is the units digit of 7119?
9
What is the hundreds digit of 1371?
3
What is the tens digit of 6436?
3
What is the hundreds digit of 27391?
3
What is the tens digit of 28800?
0
What is the units digit of 563?
3
What is the hundreds digit of 547?
5
What is the tens digit of 12086?
8
What is the units digit of 246?
6
What is the units digit of 1256?
6
What is the thousands d